 when 5077 is divided by 37.
8
What is the remainder when 30929 is divided by 10308?
5
What is the remainder when 40667 is divided by 40652?
15
What is the remainder when 28252 is divided by 974?
6
What is the remainder when 7868 is divided by 243?
92
Calculate the remainder when 9393 is divided by 3113.
54
Calculate the remainder when 30208 is divided by 52.
48
What is the remainder when 10477 is divided by 300?
277
What is the remainder when 274236 is divided by 3705?
66
Calculate the remainder when 7062 is divided by 9.
6
Calculate the remainder when 113354 is divided by 33.
32
Calculate the remainder when 31873 is divided by 198.
193
Calculate the remainder when 25582 is divided by 2839.
31
Calculate the remainder when 1371 is divided by 196.
195
Calculate the remainder when 505 is divided by 128.
121
What is the remainder when 166440 is divided by 1067?
1055
Calculate the remainder when 7679 is divided by 850.
29
What is the remainder when 9252 is divided by 88?
12
What is the remainder when 1315 is divided by 840?
475
What is the remainder when 66647 is divided by 18?
11
Calculate the remainder when 798 is divided by 326.
146
Calculate the remainder when 688624 is divided by 35.
34
Calculate the remainder when 242301 is divided by 177.
165
Calculate the remainder when 39837 is divided by 28.
21
Calculate the remainder when 6930 is divided by 752.
162
Calculate the remainder when 5546 is divided by 1836.
38
Calculate the remainder when 2336 is divided by 2271.
65
Calculate the remainder when 39964 is divided by 39960.
4
Calculate the remainder when 12742 is divided by 483.
184
What is the remainder when 1180172 is divided by 1179?
1172
What is the remainder when 1183368 is divided by 111?
108
Calculate the remainder when 8672 is divided by 4334.
4
Calculate the remainder when 955 is divided by 220.
75
Calculate the remainder when 16489 is divided by 22.
11
What is the remainder when 28038 is divided by 66?
54
Calculate the remainder when 170354 is divided by 957.
8
What is the remainder when 741249 is divided by 250?
249
What is the remainder when 228 is divided by 173?
55
Calculate the remainder when 27584 is divided by 91.
11
What is the remainder when 16053 is divided by 7960?
133
Calculate the remainder when 143989 is divided by 29.
4
What is the remainder when 23951 is divided by 142?
95
Calculate the remainder when 64217 is divided by 11.
10
What is the remainder when 14030 is divided by 6991?
48
Calculate the remainder when 4766 is divided by 924.
146
What is the remainder when 147566 is divided by 188?
174
Calculate the remainder when 57778 is divided by 108.
106
What is the remainder when 8713 is divided by 617?
75
Calculate the remainder when 5313 is divided by 1048.
73
What is the remainder when 41221 is divided by 404?
13
What is the remainder when 288741 is divided by 24?
21
Calculate the remainder when 272091 is divided by 449.
446
Calculate the remainder when 194580 is divided by 59.
57
What is the remainder when 66497 is divided by 22162?
11
Calculate the remainder when 1404 is divided by 2.
0
What is the remainder when 8656 is divided by 111?
109
What is the remainder when 34156 is divided by 439?
353
What is the remainder when 2993 is divided by 230?
3
Calculate the remainder when 700 is divided by 686.
14
Calculate the remainder when 10210 is divided by 3396.
22
Calculate the remainder when 54039 is divided by 193.
192
Calculate the remainder when 39918 is divided by 18.
12
What is the remainder when 259069 is divided by 44?
41
What is the remainder when 3020 is divided by 745?
40
Calculate the remainder when 15910 is divided by 53.
10
Calculate the remainder when 36324 is divided by 82.
80
Calculate the remainder when 13785 is divided by 305.
60
Calculate the remainder when 17952 is divided by 9.
6
What is the remainder when 4293 is divided by 1977?
339
What is the remainder when 120559 is divided by 60274?
11
What is the remainder when 101244 is divided by 456?
12
Calculate the remainder when 2581 is divided by 175.
131
What is the remainder when 1006 is divided by 867?
139
Calculate the remainder when 6240035 is divided by 451.
450
What is the remainder when 5152895 is divided by 1008?
1007
Calculate the remainder when 215568 is divided by 25.
18
Calculate the remainder when 65741 is divided by 208.
13
Calculate the remainder when 24596 is divided by 1595.
671
What is the remainder when 362443 is divided by 5576?
3
What is the remainder when 279443 is divided by 7?
3
What is the remainder when 126662 is divided by 35?
32
What is the remainder when 11743 is divided by 26?
17
Calculate the remainder when 17200 is divided by 2765.
610
Calculate the remainder when 1619042 is divided by 849.
848
Calculate the remainder when 170931 is divided by 2374.
3
Calculate the remainder when 163800 is divided by 327.
300
What is the remainder when 1297 is divided by 1131?
166
What is the remainder when 590365 is divided by 590363?
2
What is the remainder when 32324 is divided by 23?
9
Calculate the remainder when 173709 is divided by 6.
3
Calculate the remainder when 2113 is divided by 319.
199
Calculate the remainder when 34485 is divided by 121.
0
What is the remainder when 731 is divided by 202?
125
Calculate the remainder when 41711 is divided by 41709.
2
Calculate the remainder when 125789 is divided by 144.
77
Calculate the remainder when 74689 is divided by 37343.
3
Calculate the remainder when 1504197 is divided by 690.
687
What is the remainder when 59958 is divided by 129?
102
What is the remainder when 28735 is divided by 9329?
748
Calculate the remainder when 61467 is divided by 254.
253
What is the remainder when 454161 is divided by 313?
311
Calculate the remainder when 3414 is divided by 149.
136
Calculate the remainder when 14548 is divided by 578.
98
Calculate the remainder when 680393 is divided by 240.
233
Calculate the remainder when 311680 is divided by 62336.
0
Calculate the remainder when 7838 is divided by 74.
68
What is the remainder when 63117 is divided by 33?
21
What is the remainder when 3645 is divided by 859?
209
What is the remainder when 20042 is divided by 2594?
1884
Calculate the remainder when 349000 is divided by 39.
28
Calculate the remainder when 7674 is divided by 7631.
43
What is the remainder when 23468 is divided by 7816?
20
What is the remainder when 10700 is divided by 155?
5
What is the remainder when 21052 is divided by 2620?
92
What is the remainder when 45287 is divided by 222?
221
What is the remainder when 3380 is divided by 41?
18
What is the remainder when 184 is divided by 93?
91
Calculate the remainder when 2134 is divided by 312.
262
What is the remainder when 27540 is divided by 6797?
352
What is the remainder when 1311677 is divided by 160?
157
Calculate the remainder when 8546 is divided by 220.
186
Calculate the remainder when 83796 is divided by 96.
84
Calculate the remainder when 525218 is divided by 27643.
1
What is the remainder when 123374 is divided by 39?
17
Calculate the remainder when 1703 is divided by 1036.
667
What is the remainder when 8604 is divided by 2866?
6
What is the remainder when 610799 is divided by 15?
14
Calculate the remainder when 9254 is divided by 322.
238
Calculate the remainder when 155247 is divided by 675.
672
Calculate the remainder when 2008 is divided by 506.
490
What is the remainder when 705104 is divided by 77?
15
Calculate the remainder when 13033 is divided by 6191.
651
Calculate the remainder when 51388 is divided by 146.
142
What is the remainder when 1454 is divided by 71?
34
What is the remainder when 41169 is divided by 20582?
5
What is the remainder when 639078 is divided by 52?
50
Calculate the remainder when 2230 is divided by 177.
106
Calculate the remainder when 1496 is divided by 738.
20
What is the remainder when 7813 is divided by 9?
1
What is the remainder when 321 is divided by 101?
18
What is the remainder when 47811 is divided by 1592?
51
What is the remainder when 33917 is divided by 200?
117
Calculate the remainder when 53969 is divided by 42.
41
Calculate the remainder when 8509 is divided by 250.
9
What is the remainder when 4869 is divided by 527?
126
Calculate the remainder when 53021 is divided by 384.
29